undreds digit of 78442?
4
What is the thousands digit of 9984?
9
What is the units digit of 1711?
1
What is the hundreds digit of 5454?
4
What is the tens digit of 24216?
1
What is the units digit of 61869?
9
What is the units digit of 11204?
4
What is the tens digit of 3202?
0
What is the tens digit of 3922?
2
What is the thousands digit of 1599?
1
What is the units digit of 946?
6
What is the hundreds digit of 395?
3
What is the hundreds digit of 6613?
6
What is the hundred thousands digit of 118370?
1
What is the hundreds digit of 458?
4
What is the hundreds digit of 116311?
3
What is the units digit of 10675?
5
What is the hundreds digit of 9596?
5
What is the units digit of 980?
0
What is the tens digit of 185?
8
What is the units digit of 951?
1
What is the tens digit of 33793?
9
What is the thousands digit of 1644?
1
What is the units digit of 506?
6
What is the hundreds digit of 908?
9
What is the units digit of 3454?
4
What is the units digit of 171?
1
What is the hundreds digit of 10425?
4
What is the tens digit of 460?
6
What is the units digit of 6612?
2
What is the hundreds digit of 8075?
0
What is the units digit of 554?
4
What is the units digit of 79809?
9
What is the tens digit of 1494?
9
What is the hundreds digit of 211?
2
What is the units digit of 5858?
8
What is the thousands digit of 10999?
0
What is the units digit of 8253?
3
What is the tens digit of 1982?
8
What is the thousands digit of 4782?
4
What is the hundreds digit of 30811?
8
What is the hundreds digit of 5070?
0
What is the hundreds digit of 4591?
5
What is the tens digit of 37550?
5
What is the thousands digit of 29557?
9
What is the thousands digit of 1780?
1
What is the units digit of 5594?
4
What is the units digit of 1812?
2
What is the tens digit of 1877?
7
What is the tens digit of 314?
1
What is the units digit of 36884?
4
What is the units digit of 1662?
2
What is the ten thousands digit of 14581?
1
What is the tens digit of 863?
6
What is the tens digit of 9571?
7
What is the tens digit of 9106?
0
What is the thousands digit of 6247?
6
What is the units digit of 3720?
0
What is the ten thousands digit of 19209?
1
What is the units digit of 9901?
1
What is the tens digit of 1682?
8
What is the tens digit of 15221?
2
What is the tens digit of 1523?
2
What is the hundreds digit of 1470?
4
What is the hundred thousands digit of 137771?
1
What is the thousands digit of 1202?
1
What is the units digit of 1502?
2
What is the units digit of 8593?
3
What is the hundreds digit of 2885?
8
What is the units digit of 577?
7
What is the ten thousands digit of 20121?
2
What is the units digit of 802?
2
What is the units digit of 1902?
2
What is the units digit of 559?
9
What is the units digit of 441?
1
What is the hundreds digit of 4708?
7
What is the hundred thousands digit of 131522?
1
What is the units digit of 95153?
3
What is the tens digit of 15470?
7
What is the units digit of 10973?
3
What is the tens digit of 1021?
2
What is the ten thousands digit of 18461?
1
What is the units digit of 450?
0
What is the ten thousands digit of 43592?
4
What is the units digit of 620?
0
What is the units digit of 543?
3
What is the tens digit of 473?
7
What is the units digit of 5502?
2
What is the hundreds digit of 5560?
5
What is the thousands digit of 1078?
1
What is the units digit of 56776?
6
What is the thousands digit of 2391?
2
What is the hundreds digit of 150449?
4
What is the thousands digit of 2511?
2
What is the hundreds digit of 6861?
8
What is the tens digit of 1447?
4
What is the hundreds digit of 802?
8
What is the units digit of 78094?
4
What is the thousands digit of 2890?
2
What is the thousands digit of 21473?
1
What is the hundreds digit of 2090?
0
What is the thousands digit of 3646?
3
What is the tens digit of 44289?
8
What is the thousands digit of 20734?
0
What is the hundreds digit of 40831?
8
What is the tens digit of 74099?
9
What is the hundreds digit of 1069?
0
What is the units digit of 497?
7
What is the tens digit of 9810?
1
What is the tens digit of 420?
2
What is the thousands digit of 18243?
8
What is the hundreds digit of 48564?
5
What is the units digit of 5864?
4
What is the tens digit of 66785?
8
What is the hundreds digit of 6508?
5
What is the ten thousands digit of 16542?
1
What is the tens digit of 1314?
1
What is the hundreds digit of 585?
5
What is the tens digit of 4684?
8
What is the ten thousands digit of 35616?
3
What is the tens digit of 1129?
2
What is the ten thousands digit of 15204?
1
What is the units digit of 14947?
7
What is the hundreds digit of 6892?
8
What is the hundreds digit of 16747?
7
What is the tens digit of 2030?
3
What is the tens digit of 1550?
5
What is the tens digit of 4416?
1
What is the units digit of 421?
1
What is the thousands digit of 18489?
8
What is the hundreds digit of 940?
9
What is the ten thousands digit of 32889?
3
What is the tens digit of 4396?
9
What is the tens digit of 22691?
9
What is the hundreds digit of 22267?
2
What is the units digit of 298?
8
What is the tens digit of 545?
4
What is the tens digit of 1083?
8
What is the thousands digit of 6457?
6
What is the tens digit of 9821?
2
What is the units digit of 62838?
8
What is the hundreds digit of 2120?
1
What is the tens digit of 394?
9
What is the units digit of 1136?
6
What is the hundreds digit of 346?
3
What is the hundreds digit of 99793?
7
What is the hundreds digit of 5294?
2
What is the units digit of 471?
1
What is the tens digit of 757?
5
What is the units digit of 16450?
0
What is the hundreds digit of 14651?
6
What is the units digit of 18179?
9
What is the hundreds digit of 23109?
1
What is the tens digit of 8871?
7
What is the units digit of 76678?
8
What is the units digit of 28691?
1
What is the thousands digit of 1076?
1
What is the tens digit of 26343?
4
What is the thousands digit of 20643?
0
What is the tens digit of 2313?
1
What is the hundred thousands digit of 158345?
1
What is the hundreds digit of 100607?
6
What is the tens digit of 1906?
0
What is the thousands digit of 2047?
2
What is the tens digit of 12694?
9
What is the units digit of 1209?
9
What is the units digit of 923?
3
What is the hundred thousands digit of 108144?
1
What is the hundreds digit of 888?
8
What is the ten thousands digit of 11249?
1
What is the tens digit of 1972?
7
What is the hundreds digit of 2976?
9
What is the hundreds digit of 19079?
0
What is the hundreds digit of 1724?
7
What is the ten thousands digit of 36130?
3
What is the thousands digit of 38647?
8
What is the hundreds digit of 67894?
8
What is the thousands digit of 19591?
9
What is the thousands digit of 2022?
2
What is the units digit of 22645?
5
What is the units digit of 3372?
2
What is the units digit of 922?
2
What is the tens digit of 4065?
6
What is the hundreds digit of 587?
5
What is the tens digit of 2397?
9
What is the units digit of 9?
9
What is the tens digit of 2898?
9
What is the thousands digit of 16967?
6
What is the ten thousands digit of 34320?
3
What is the hundreds digit of 8194?
1
What is the ten thousands digit of 10889?
1
What is the thousands digit of 3034?
3
What is the hundreds digit of 1237?
2
What is the ten thousands digit of 58257?
5
What is the units digit of 67981?
1
What is the tens digit of 28?
2
What is the thousands digit of 11806?
1
What is the units digit of 274?
4
What is the hundreds digit of 186?
1
What is the thousands digit of 35485?
5
What is the hundreds digit of 163?
1
What is the hundreds digit of 4443?
4
What is the tens digit of 1702?
0
What is the tens digit of 389?
8
What is the ten thousands digit of 58284?
5
What is the tens digit of 4166?
6
What is the units digit of 101659?
9
What is the units digit of 114678?
8
What is the hundreds digit of 7628?
6
What is the tens digit of 41005?
0
What is the hundreds digit of 1275?
2
What is the hundreds digit of 163?
1
What is the hundreds digit of 31127?
1
What is the ten thousands digit of 32821?
3
What is the units digit of 24165?
5
What is the hundreds digit of 1069?
0
What is the hundreds digit of 1401?
4
What is the tens digit of 927?
2
What is the tens digit of 21751?
5
What is the tens digit of 10090?
9
What is the hundreds digit of 175476?
4
What is th